ue
Is (-3)/(-39) + 637900/130 prime?
False
Suppose 0 = -3*s + 5*s + 4*s. Suppose c - 5*c + 5348 = s. Is c a prime number?
False
Let u be ((-93)/9)/((-6)/(-36)). Let a be 365/(-3) + (-2)/(-3). Let t = u - a. Is t composite?
False
Suppose 0 = -3*i + i + 8. Suppose -i*u - y + 10 = 1, 4*u - 21 = 3*y. Suppose -u*d + 112 + 245 = 0. Is d a composite number?
True
Suppose -5*y + 44*y = 370149. Is y prime?
True
Let k(y) = 3*y**3 - 7*y + 19. Let c(l) = 4*l**3 + l**2 - 8*l + 19. Let a(w) = 4*c(w) - 5*k(w). Is a(7) a prime number?
True
Let w(s) = 2*s**3 + 6*s**2 + 4*s - 2. Let v be w(-4). Let i(a) = 6*a**2 + 9*a - 1. Let u be i(-6). Let g = u + v. Is g a prime number?
False
Is (-808066)/(-5)*(84/8 - 8) a prime number?
False
Suppose -2*z + 1 + 5 = 0, 2*o - 5*z - 2413 = 0. Let d = o - 173. Is d prime?
False
Let g be 2/(16/(-22)) - (-105)/140. Is g/(-1) + 3*244 a composite number?
True
Let s = -4375 - -9222. Is s composite?
True
Suppose s - 20 = -3*s. Suppose -y = -s*y. Let a(x) = -x**2 + 2*x + 179. Is a(y) prime?
True
Suppose g - 24613 = -3*n + 3*g, 3*n = 3*g + 24618. Is n composite?
True
Let m(g) = g**3 + 4*g**2 - g + 5. Let u be m(-4). Let x be 21218/18 + 2/u. Suppose -5*r + x + 346 = 0. Is r composite?
True
Is (-8)/16*-2396 + 25/(-5) prime?
True
Suppose -9010 = -5*x - 5*m, 0 = x - 5*x + 2*m + 7232. Let g = x + -1021. Is g a prime number?
False
Let m(a) = -57*a + 9. Let r(w) = w**3 + 2*w**2 - w + 4. Let c be r(-3). Is m(c) prime?
False
Let u(n) be the third derivative of -n**6/120 + 415*n**3/6 + 6*n**2. Let y be u(0). Suppose 0 = 5*j - 0*j - y. Is j prime?
True
Suppose -4*z + t + 16806 = 0, 21009 = -5*z + 10*z - 2*t. Is z a composite number?
False
Suppose 74238 = -2*s + 8*s. Is s a prime number?
True
Let n = 3215 - 1387. Suppose 2*a = 2*x + n, 3*x = 3*a - 2*x - 2734. Suppose 280 = -2*k + a. Is k composite?
True
Suppose -982008 = -77*j + 5*j. Is j prime?
False
Let c(y) = y**3 - 12*y - 10. Is c(17) composite?
True
Let m(b) = b**2 + 7*b - 1. Let i(q) = 3*q - 3. Let o be i(-4). Is m(o) a prime number?
False
Suppose 48*z = 50*z - 190306. Is z a composite number?
False
Suppose -3*a = a. Let r = 4 - a. Suppose -r*o = 3*q - 743, -3*q + 3*o + 698 + 73 = 0. Is q prime?
False
Suppose -8670 - 4062 = -6*i. Is i a composite number?
True
Suppose -6*u = 2*f - u - 3348, 0 = 4*u + 16. Is (-53 + 50)/(-3*2/f) a composite number?
True
Let d(z) be the first derivative of -2039*z**4/4 - 2*z**3/3 - z**2/2 + 1. Is d(-1) composite?
True
Let x(o) = -367*o**3 - 2*o**2 - 31*o - 71. Is x(-3) composite?
True
Let f = 6 - 9. Let u be (-3)/f - -1 - -1. Suppose -v - 32 = u*i - 322, i + 4*v = 93. Is i a prime number?
True
Let r(a) = 2997*a + 71. Is r(6) a prime number?
False
Suppose -d - 56358 = -2*b, -6*d = b - 9*d - 28169. Is b composite?
False
Let g = 52 + -42. Suppose -g*u + 7*u = -6999. Is u composite?
False
Is ((-1)/(-2))/(11/2266) a composite number?
False
Let h(i) = -6529*i + 77. Is h(-6) a prime number?
True
Suppose 3*r + 0*r = p - 19, 4*r + 44 = 4*p. Suppose -280 = 3*q - p*q. Suppose -j = 3*u - q, 2*u + 319 = 4*j + u. Is j a composite number?
False
Suppose 0 = 4*y - 2*y + 110. Suppose 109 + 80 = -9*w. Let b = w - y. Is b a prime number?
False
Suppose -5*l + 3 - 4 = -3*p, 2*l = 3*p - 4. Suppose 0 = -5*x + 5*r + 30, 2*r - l + 4 = -x. Suppose -2*j + x*j - 613 = 0. Is j a composite number?
False
Let o(m) = 0*m - 9*m**2 - 9 + 6*m + 10*m**3 + 15*m**2. Is o(4) composite?
False
Let t = 13697 - 904. Is t a composite number?
True
Let i(g) = -66*g + 1. Let r be ((-33)/15 + 3)*-10. Is i(r) a prime number?
False
Let x(c) = 36*c + 85*c + 14*c + 6. Let v be x(4). Let t = v + -253. Is t composite?
False
Suppose -49 = j - 7. Let s be j/(-2) - 9/(-3). Suppose -z - 5*p = -0*z - s, 48 = 5*z + p. Is z a composite number?
True
Let z(m) be the first derivative of 4*m**3 - 3*m**2/2 + 32*m + 30. Is z(-6) composite?
True
Let u(x) = -x**3 - 3*x**2 + 4*x - 4. Let j be u(-4). Is 407 - (-9 - j - -1) a prime number?
False
Let b be (-348)/9*3 + 4. Let d = 927 + b. Is d composite?
True
Let x = -4352 - -2034. Let b = -1411 - x. Is b a composite number?
False
Let i = -241 + 379. Suppose -i = 3*a - 2241. Is a a composite number?
False
Let g be (7 - 0)*1 - 3. Suppose -g*t + 27 = -9. Suppose h - t = 5. Is h a composite number?
True
Is 7/(168/18) - (-2892395)/44 prime?
False
Let b = 17 + -32. Is (-1438)/(-6) - (-10)/b composite?
False
Let p(k) = -301*k + 33. Let b be (2 - 4)/((-1)/(-4)). Is p(b) composite?
False
Let b(y) = 4*y**2 - 27*y - 54. Is b(-23) a composite number?
False
Let z = -10669 - -4692. Let b = -4140 - z. Is b composite?
True
Let a = 11129 - 7858. Is a prime?
True
Suppose -u = -8*u + 112336. Suppose -6104 = 8*m - u. Is m a prime number?
False
Let i = -42 - 833. Let o = i + 3112. Is o a prime number?
True
Let g = 254 - 249. Suppose -t - 2*t + 15 = 0. Suppose -3*z = -4*d + 1825, 0 = g*z - 0*z - t. Is d prime?
True
Is (-11)/(22/(-2304)) - -5*1 composite?
True
Suppose 3*v = -3*d + 450, 2*d + 625 = 6*d - v. Suppose 0 = 5*w + b - 1525, -3*b = -4 - 11. Let u = w - d. Is u a composite number?
False
Let g(r) = -9*r**2 + r + 1. Let j be g(-1). Let c be 75/27 + (-2)/j. Suppose 3*z - 564 = -c*z. Is z prime?
False
Suppose 0 = -4*y - 8, -6 = -4*c + y + 8. Suppose -c*d + 82 = -2*d. Is d composite?
True
Let l(n) be the third derivative of 65*n**4/24 - 23*n**3/3 - 18*n**2. Is l(7) composite?
False
Let h be (-3)/((-14)/(-4)*15/(-70)). Suppose -h*w + 122 = -1074. Is w prime?
False
Let z = -1853 + 3147. Suppose -u = -5*k + z, -3*k + 650 = 5*u - 132. Is k composite?
True
Let m = -58 + 1449. Is m a composite number?
True
Suppose -x + 400 = -9*x. Let n be 30/x - (-7287)/(-5). Let c = n - -2159. Is c composite?
False
Suppose -l - c = 0, 2*l - l + 3*c = -4. Suppose -549 = -l*v - v + 3*u, -5*v + 4*u + 915 = 0. Is v prime?
False
Let t(r) = 7*r**3 + 9*r**2 - 6*r - 49. Is t(8) a prime number?
False
Suppose 20*d - 106522 = -14*d. Is d a composite number?
True
Is (1 - 0)*70483 + 0/(-2) composite?
True
Let p = -2 - -6. Let h be ((-4)/p)/(2/18). Is (-3)/2*1266/h prime?
True
Let i(m) = -m**3 - m**2. Let v(u) = 4*u**3 + 4*u**2 - 1097. Let h(n) = -3*i(n) - v(n). Is h(0) prime?
True
Suppose -5*n - 3*g = -112303, 22*n - 17*n - 112331 = 4*g. Is n a composite number?
True
Let q(n) = 50*n**3 - 18*n**2 - 23*n + 22. Is q(9) a prime number?
True
Let w(d) = -9239*d**3 - d**2 + 3*d + 4. Is w(-1) a composite number?
False
Let l = 257 - 544. Let i(t) = t**3 - 10*t**2 - 11*t - 4. Let w be i(11). Is 6 + w + -2 - l a composite number?
True
Let o = 15 - 24. Let w = 110 - o. Is w composite?
True
Let z(y) = y**3 + 12*y**2 - 13*y + 12. Let v be z(-13). Let p be 236/v + (-4)/(-3). Let u = p + 38. Is u a prime number?
True
Let g(i) = 3*i**2 - i - 5. Let c(b) = 3*b + 3. Let v be c(-3). Let u be 2/v - (-22)/(-6). Is g(u) a prime number?
True
Suppose 3*g = 1273 + 1589. Let j = g + 85. Is j a composite number?
False
Suppose -3*l + 26981 = -4*b - 4179, 0 = -b - 2. Suppose 11*j = -5*j + l. Is j a composite number?
True
Suppose 15 = 5*m - 0*m. Suppose m*x + 0*x = 48. Suppose l - x = 7. Is l a prime number?
True
Suppose 3*m - 11 = -2. Let d = -1 + m. Suppose 2*t - 2*k = 252, d*t - 282 = -k - 3*k. Is t a composite number?
False
Let u(h) = h**2 - 5*h + 3. Let v be u(5). Let w be v + -2 + 0 + 1. Suppose y - w*m - 36 = 44, -5*m = -2*y + 157. Is y prime?
False
Suppose 22558 + 594243 = 29*u. Is u a prime number?
True
Let f(q) = 221*q**2 + 5*q + 31. Is f(-4) composite?
False
Suppose -202*q + 205*q - 21069 = 0. Is q a prime number?
False
Let z(q) be the second derivative of -7*q**2 + 7/20*q**5 + 0 - 1/12*q**4 + 1/2*q**3 + 8*q. Is z(7) prime?
False
Let l be (-19)/95 - 992/(-10). Let s = 478 - l. Is s prime?
True
Suppose 5*x = -4*b - 21556, 5390 - 26910 = 4*b - 4*x. Let k = -2737 - b. Is k a prime number?
True
Suppose 6499 = -36*c + 37*c. Is c prime?
False
Let t = -249 + 796. Let d = t - 370. Is d prime?
False
Suppose 3*q - 5*f = 34912, 0 = -0*q - 2*q + f + 23263. Is q composite?
True
Suppose 0 = 6*w - 13*w + 280441. Is w a composite number?
False
Let j be -2 - (-3 + -1)/4. Let g(b) = -44*b. Let q be g(j). Suppose -3*k - q = -281. Is k prime?
True
Suppose o = 2*r + 25, 0 = 2*o + o + r - 96. Let y = -28 + o. Suppose -235 = -2*n - f, -n + 0*n + y*f = -128. Is n composite?
Tru